798406610?
6
What is the ten millions digit of 6543779157?
4
What is the tens digit of 1210860820?
2
What is the hundred thousands digit of 73668065?
6
What is the ten thousands digit of 1740169531?
6
What is the units digit of 48974388?
8
What is the hundred thousands digit of 382229322?
2
What is the billions digit of 2740699160?
2
What is the hundred thousands digit of 1160641109?
6
What is the ten thousands digit of 1263490124?
9
What is the thousands digit of 2281583691?
3
What is the billions digit of 1162432621?
1
What is the hundred thousands digit of 845945470?
9
What is the ten millions digit of 3804508914?
0
What is the hundreds digit of 130140714?
7
What is the tens digit of 13307054?
5
What is the ten millions digit of 41976598?
4
What is the tens digit of 1813857966?
6
What is the tens digit of 2957137438?
3
What is the hundreds digit of 80677015?
0
What is the tens digit of 325069307?
0
What is the hundred millions digit of 255944243?
2
What is the tens digit of 597125515?
1
What is the hundred thousands digit of 53217148?
2
What is the tens digit of 163390804?
0
What is the thousands digit of 528854638?
4
What is the hundreds digit of 66289471?
4
What is the hundreds digit of 120462735?
7
What is the ten millions digit of 163507472?
6
What is the millions digit of 208024416?
8
What is the ten thousands digit of 119807874?
0
What is the hundreds digit of 3360930243?
2
What is the units digit of 432883487?
7
What is the hundred thousands digit of 15569585?
5
What is the hundred thousands digit of 93675934?
6
What is the hundred thousands digit of 34264608?
2
What is the tens digit of 359867440?
4
What is the thousands digit of 698170581?
0
What is the ten thousands digit of 63512134?
1
What is the hundred millions digit of 180206092?
1
What is the thousands digit of 249488615?
8
What is the units digit of 4532063608?
8
What is the billions digit of 2545287814?
2
What is the millions digit of 15640519?
5
What is the hundred thousands digit of 233628373?
6
What is the tens digit of 567693705?
0
What is the ten millions digit of 2462481238?
6
What is the thousands digit of 53266425?
6
What is the ten thousands digit of 8773808?
7
What is the ten millions digit of 74437782?
7
What is the hundreds digit of 119169650?
6
What is the ten thousands digit of 248987021?
8
What is the units digit of 72210912?
2
What is the hundreds digit of 299245407?
4
What is the units digit of 1229889180?
0
What is the thousands digit of 71664269?
4
What is the thousands digit of 383956183?
6
What is the hundreds digit of 12358501?
5
What is the hundred thousands digit of 561488259?
4
What is the hundreds digit of 3183105106?
1
What is the ten thousands digit of 5531833373?
3
What is the hundred thousands digit of 257799762?
7
What is the hundreds digit of 179257787?
7
What is the hundred thousands digit of 294039987?
0
What is the millions digit of 7705980?
7
What is the thousands digit of 7059756820?
6
What is the thousands digit of 40938201?
8
What is the ten thousands digit of 634052099?
5
What is the millions digit of 141975499?
1
What is the billions digit of 1118042389?
1
What is the units digit of 2631644807?
7
What is the thousands digit of 650519383?
9
What is the hundreds digit of 79133607?
6
What is the ten millions digit of 1899274710?
9
What is the thousands digit of 396342538?
2
What is the hundred thousands digit of 16971496?
9
What is the units digit of 64515346?
6
What is the hundred thousands digit of 1036101388?
1
What is the hundreds digit of 427679914?
9
What is the ten millions digit of 102102547?
0
What is the hundreds digit of 442854730?
7
What is the thousands digit of 679845735?
5
What is the thousands digit of 175300475?
0
What is the hundreds digit of 1897452328?
3
What is the ten millions digit of 368224169?
6
What is the hundred millions digit of 293846876?
2
What is the ten millions digit of 72765649?
7
What is the tens digit of 5284627084?
8
What is the hundred millions digit of 550355163?
5
What is the thousands digit of 198605804?
5
What is the hundred thousands digit of 32857839?
8
What is the tens digit of 26647719?
1
What is the millions digit of 103882086?
3
What is the hundreds digit of 28594140?
1
What is the thousands digit of 26432051?
2
What is the tens digit of 241327130?
3
What is the ten thousands digit of 226730089?
3
What is the hundreds digit of 41510729?
7
What is the units digit of 21830722?
2
What is the hundred thousands digit of 304137808?
1
What is the tens digit of 3626267420?
2
What is the ten thousands digit of 17729263?
2
What is the units digit of 8789384?
4
What is the hundred thousands digit of 194665740?
6
What is the millions digit of 1534821155?
4
What is the units digit of 1757850?
0
What is the hundred thousands digit of 3200080804?
0
What is the tens digit of 142791558?
5
What is the hundred thousands digit of 1329228373?
2
What is the tens digit of 1395111508?
0
What is the thousands digit of 331844224?
4
What is the ten millions digit of 1687898326?
8
What is the ten thousands digit of 93331872?
3
What is the millions digit of 67708985?
7
What is the tens digit of 548072351?
5
What is the hundred thousands digit of 441555498?
5
What is the millions digit of 1701208982?
1
What is the thousands digit of 48161765?
1
What is the ten thousands digit of 5431419941?
1
What is the tens digit of 311840016?
1
What is the ten millions digit of 548866303?
4
What is the millions digit of 89992810?
9
What is the tens digit of 129210334?
3
What is the ten thousands digit of 189418113?
1
What is the ten thousands digit of 76395613?
9
What is the tens digit of 2429370138?
3
What is the tens digit of 77621205?
0
What is the units digit of 43319948?
8
What is the millions digit of 1674049828?
4
What is the units digit of 13697956?
6
What is the units digit of 677543166?
6
What is the hundred millions digit of 337592665?
3
What is the hundreds digit of 9044052170?
1
What is the ten millions digit of 33235785?
3
What is the hundred millions digit of 2860604456?
8
What is the millions digit of 2900406?
2
What is the hundreds digit of 83545610?
6
What is the hundred millions digit of 241484473?
2
What is the hundred millions digit of 125879345?
1
What is the tens digit of 761432867?
6
What is the thousands digit of 39070350?
0
What is the ten thousands digit of 420723871?
2
What is the ten thousands digit of 8069620?
6
What is the thousands digit of 86140307?
0
What is the tens digit of 36439818?
1
What is the ten millions digit of 380039295?
8
What is the hundreds digit of 103769905?
9
What is the hundred thousands digit of 5824109913?
1
What is the ten thousands digit of 4660159169?
5
What is the tens digit of 43424442?
4
What is the hundreds digit of 67568384?
3
What is the hundreds digit of 35295081?
0
What is the ten millions digit of 316764730?
1
What is the hundred thousands digit of 2027239876?
2
What is the hundreds digit of 1214426835?
8
What is the tens digit of 883372008?
0
What is the millions digit of 39047130?
9
What is the hundred millions digit of 163854152?
1
What is the ten millions digit of 251586922?
5
What is the hundreds digit of 453015941?
9
What is the ten thousands digit of 1983117540?
1
What is the thousands digit of 55914660?
4
What is the units digit of 56908982?
2
What is the thousands digit of 703262645?
2
What is the thousands digit of 570918177?
8
What is the thousands digit of 4720859779?
9
What is the ten thousands digit of 3144020917?
2
What is the hundred thousands digit of 2927050143?
0
What is the hundred thousands digit of 87934362?
9
What is the millions digit of 23804622?
3
What is the ten millions digit of 8103268602?
0
What is the ten millions digit of 713244364?
1
What is the ten millions digit of 2636062442?
3
What is the ten millions digit of 15484787?
1
What is the hundreds digit of 117081355?
3
What is the ten millions digit of 67418608?
6
What is the ten millions digit of 55469959?
5
What is the hundred millions digit of 1252384552?
2
What is the thousands digit of 60482070?
2
What is the tens digit of 185738263?
6
What is the hundreds digit of 350222826?
8
What is the hundred thousands digit of 656311509?
3
What is the ten thousands digit of 334869129?
